 What are the prime factors of c?
2, 3, 7
Let l be 1/((-471)/(-234) - 2). Suppose l = 6*j - 30. Suppose 0 = -j*f + 23*f - 215. What are the prime factors of f?
43
Let w = -137 - 213. Let f = -249 - w. Suppose 5*m - 100 = -5*r, 5*r + 6*m = 2*m + f. List the prime factors of r.
3, 7
Suppose -3*p + 3*d = 2*p + 260, 104 = -2*p + 5*d. Let z = 6 - p. What are the prime factors of z?
2, 29
Let h(i) = -110*i - 526. List the prime factors of h(-38).
2, 3, 7, 29
Let v = 1234 - -914. What are the prime factors of v?
2, 3, 179
Let q = 12 + -8. Suppose 5*n = -2*r + 152, -3*r + 237 = -n + q*n. List the prime factors of r.
3
Let z be ((-1)/((-2)/6))/3. Let d(o) = 25*o**3 - 2*o**2 - 1. Let x(k) = k**3 - k**2. Let s(l) = z*d(l) - 2*x(l). List the prime factors of s(1).
2, 11
Suppose -1484 = -2*y + 5*j, -853 = 4*y + 5*j - 3851. What are the prime factors of y?
3, 83
Let t be 4/(-14) - 866/7. Suppose 2*n + 4*i = -2, -6*n + 4*n + 5*i = -34. List the prime factors of 2/n + t/(-7).
2, 3
What are the prime factors of 2244/(5 + -1) + -1?
2, 5, 7
Let h = -16 + 18. List the prime factors of 2 - 1*(-412)/h.
2, 13
Suppose 8 = -x + 5*x. Suppose 5*w = x*w + 9. Suppose -4*p + 16 = 0, w*y - 4*p = -0*y + 32. List the prime factors of y.
2
What are the prime factors of (3014/(-66))/(4/(-372))?
31, 137
Let m(t) = t + 13. Let w be m(5). Suppose -u + 19 = -w. What are the prime factors of u?
37
Let u = -22 - -18. Let b(a) = -a**3 - 3*a**2 - 10*a - 1. List the prime factors of b(u).
5, 11
List the prime factors of 173 - (-5)/((-30)/(-48)).
181
Let i = 710 - 423. Let x = i + -167. What are the prime factors of x?
2, 3, 5
What are the prime factors of 7/(-28)*-4 + 198?
199
Let t(q) = 3*q**2 - 50*q - 15. List the prime factors of t(19).
2, 59
What are the prime factors of ((-494)/6)/(29/15 + -2)?
5, 13, 19
Let s be 4/12*(1 + -1). Let w(h) = 4*h + h**2 - 4 + 0 + s. List the prime factors of w(4).
2, 7
Suppose 4*d = 1694 - 26. List the prime factors of d.
3, 139
Let p = 21 + -13. Suppose c - 53 = 4*o, -3*c = -p*c + 5*o + 280. Suppose 4*v + 20 = 0, -4*k + 32 = -v - c. List the prime factors of k.
3, 7
Let d(i) = 899*i + 35. What are the prime factors of d(1)?
2, 467
Suppose -4*o = -5*a - 676 + 89, 2*a - 137 = -o. List the prime factors of o.
11, 13
Suppose 0 = -4*t - 4*u + 2384, 0 = -2*t - 0*t - 4*u + 1202. What are the prime factors of t?
3, 197
Suppose 26*s + 22*s - 78960 = 0. List the prime factors of s.
5, 7, 47
Let b(c) = 4*c**2 + 43*c + 48. List the prime factors of b(-21).
3, 101
List the prime factors of 9739/8 + (-51)/136.
1217
Let i = 512 + -469. List the prime factors of i.
43
What are the prime factors of -1 + 94 - (-2 - 0)?
5, 19
Let p(o) = 4*o**2 + 18*o - 87. What are the prime factors of p(13)?
823
Let s(a) = -a**3 - 3*a**2 + 2. Let m be s(-5). Let g = m + -19. What are the prime factors of g?
3, 11
Let v = -6 + 13. Let r be 317/v - (-10)/(-35). Let y = r + -22. What are the prime factors of y?
23
Suppose 0 = z + 3*s + 1, -3*z + 0*s + 3*s = -33. Let x be 19/76 + (-2)/z. Let a = x - -25. What are the prime factors of a?
5
Let f(z) = -107*z - 3. List the prime factors of f(-4).
5, 17
Let y(s) = -s**3 - 11*s**2 + 9*s - 5. Suppose -4*m - 154 = 70. Let v be 688/m - (-4)/14. List the prime factors of y(v).
31
Suppose 0 = -24*k + 19606 + 1634. List the prime factors of k.
3, 5, 59
Let m = 94 + 29. Suppose m = k + 38. List the prime factors of k.
5, 17
Suppose -3*g + 9442 - 2707 = 0. What are the prime factors of g?
5, 449
Let t(o) = -o**2 - 33*o + 64. What are the prime factors of t(-32)?
2, 3
Let l(q) = q**3 + 5*q**2 - 6*q - 7. Let t be l(-6). Let c(j) = -2*j**2 - 5*j. Let b be c(t). Let u = b - -92. List the prime factors of u.
29
Let w(z) be the second derivative of 7*z**3/3 + 3*z**2/2 - z. Let r be w(2). What are the prime factors of r + (2 - -1) - 1?
3, 11
Let h = 216 - 335. Let d = 413 + h. Suppose 0 = 2*s + 5*y - 165, 2*s + 2*s - 2*y = d. What are the prime factors of s?
3, 5
Suppose 4*d + d = 1410. Let q = -504 + d. What are the prime factors of (-2)/3 - q/9?
2, 3
Let g be (6/(-4))/(2/4). Let s = g - -6. List the prime factors of (s/(-6))/((-2)/76).
19
What are the prime factors of (-1352)/(-16)*(-2 + 16 + 4)?
3, 13
Let r be 4 + -2 - (1 + -1). List the prime factors of -3*r/3 + 96/1.
2, 47
Suppose -3 = -3*a - 2*w, -4*a + 2*w + 0*w = -18. What are the prime factors of 63 + 8/(-2)*a/4?
2, 3, 5
Let u(b) = -17*b - 6. Let f be u(-4). Suppose -12 = -5*x - f. What are the prime factors of ((-22)/(-3))/(x/(-15))?
11
Let a = 316 + -244. What are the prime factors of a?
2, 3
Let t = -970 - -1426. What are the prime factors of t?
2, 3, 19
Let q(s) = -2*s**3 + 26*s**2 + 67. What are the prime factors of q(11)?
19, 29
Let i = 833 - 541. Suppose 0 = -5*j + 3*m - 6*m + 362, -4*j - 3*m + i = 0. List the prime factors of j.
2, 5, 7
Let x be -103 - 3/2*-2. Let k be x/(-8)*(-8)/(-5). Suppose 4*j = -4*w + k, -5*w = j + 3*j - 26. List the prime factors of w.
2, 3
Let g(v) = -11*v**2 + 9*v + 9. Let c(n) = 5*n**2 - 5*n - 4. Let k(s) = 5*c(s) + 2*g(s). List the prime factors of k(6).
2
What are the prime factors of (-6)/8 + (-3555)/(-20)?
3, 59
Suppose 4*m - 3922 = -3*d + 3401, 15 = 3*d. What are the prime factors of m?
3, 7, 29
Let y be (3 - 6 - -3)/(-2). Let q = y + -10. What are the prime factors of ((-4)/10)/(2/q)?
2
Let c(w) = -2*w + 12. Let s be c(4). Let o = 486 - 216. Suppose -z = s*z - o. List the prime factors of z.
2, 3
Let c be -10 + (-3 - 15/(-3)). List the prime factors of (c/(32/(-76)))/(1/7).
7, 19
Let o = 6107 + -4125. What are the prime factors of o?
2, 991
Suppose 0 = 3*m - 2*n + 1, 0 = 2*m - 5*n - 14. Let r be 0 + 1 + -3 + 1. List the prime factors of (m*(0 + r))/1.
3
Let n be (1/2)/(2/12). Suppose -n*j + 43 + 47 = 0. List the prime factors of j.
2, 3, 5
Let y be ((36/(-8))/3)/((-12)/40). Suppose 0 = -y*u - 2 + 12, 4*s + 3*u - 22 = 0. What are the prime factors of s?
2
Suppose -5*g - 6*n + 8*n + 4269 = 0, n - 858 = -g. What are the prime factors of g?
3, 5, 19
Suppose 3 = -4*u + 5*u. Suppose 0 = 2*t + t - 51. Let i = u + t. What are the prime factors of i?
2, 5
Let z = -30 - -26. Let j(c) = -3*c - 9. Let y be j(z). Suppose y*d = 2*t + 6*d - 63, -t + 4*d + 4 = 0. What are the prime factors of t?
2, 3
Let m(x) = 73*x**2 - x - 1. What are the prime factors of m(3)?
653
Let g = -18 + 14. Let a be g - (2 + 0/4). What are the prime factors of (-2)/(-3) + (-170)/a?
29
Let r = -3 + 9. Suppose 4*v - 6*v + 1456 = 0. What are the prime factors of v/24 + 4/r?
31
Suppose 2*d - 2*o - 300 = 0, -d = -2*d - 4*o + 145. Let v = d - 79. What are the prime factors of v?
2, 5, 7
Let x(h) = -h**2 + 14*h + 19. Let g be x(15). Suppose 83 = 3*o - 0*o - 4*b, -g*o = -4*b - 108. What are the prime factors of o?
5
List the prime factors of (-6)/(-10) + 9/15*34.
3, 7
Suppose -3*n - 2 + 8 = 0. Suppose 0 = -3*h + m + 17, 2*h - n*m = 7*h - 10. List the prime factors of h.
2
Let o = -500 + 921. List the prime factors of o.
421
List the prime factors of ((-11)/(-22))/((-1)/(-772)).
2, 193
Let a(b) = b**2 + 12*b - 22. List the prime factors of a(-22).
2, 3, 11
What are the prime factors of (-685 + 4)*(-1)/1?
3, 227
Let g(t) = 2*t + 1. Let v be g(1). Suppose s - 52 = -2*a, -4*a + 0*a = -4*s + 208. Suppose v*d = -d + s. List the prime factors of d.
13
Let m(v) = -10*v - 3. Let z = 2 - -4. Let o be (-4)/z - 40/12. List the prime factors of m(o).
37
Suppose 22736 = -9*l + 38*l. List the prime factors of l.
2, 7
Suppose 29*w = -50*w + 122766. List the prime factors of w.
2, 3, 7, 37
Suppose -5*t + 43 = -t - s, t = -5*s - 5. Let q = 14 - t. Let b = 17 - q. List the prime factors of b.
13
Let f(m) = 128*m**2 - 14*m - 25. What are the prime factors of f(-2)?
5, 103
Let w(g) = 47*g + 157. What are the prime factors of w(10)?
3, 11, 19
Let l = 119 + -117. Suppose l*y = -3*y + 1000. List the prime factors of y.
2, 5
Suppose 0*h - 4 = 2*h. What are the prime factors of h*-2*295/20?
59
Let r = 79 - 9. Suppose 2*f = 9*f - r. List the prime factors of -1 + 29 + (f - 12).
2, 13
Let t(k) = -k**3 - 7*k**2 + 33*k - 65. What are the prime factors of t(-17)?
2, 283
List the prime factors of ((-12)/3 + 3)/(10/(-3290)).
7, 47
Let u(x) = 13*x**2 - 51*x + 5. Let s be u(5). Suppose s + 175 = h. List the prime factors of h.
2, 5
Let